[INFO] cloning repository https://github.com/ProjectInitiative/tf-control-panel
[INFO] running `Command { std: "git" "-c" "credential.helper=" "-c" "credential.helper=/workspace/cargo-home/bin/git-credential-null" "clone" "--bare" "https://github.com/ProjectInitiative/tf-control-panel" "/workspace/cache/git-repos/https%3A%2F%2Fgithub.com%2FProjectInitiative%2Ftf-control-panel", kill_on_drop: false }`
[INFO] [stderr] Cloning into bare repository '/workspace/cache/git-repos/https%3A%2F%2Fgithub.com%2FProjectInitiative%2Ftf-control-panel'...
[INFO] running `Command { std: "git" "rev-parse" "HEAD", kill_on_drop: false }`
[INFO] [stdout] db20ec00180ce40a327a8de394f7073c2c8a5016
[INFO] checking ProjectInitiative/tf-control-panel against master#e6e4f7ed1589e03bc2f6c5931c1a72e7947e8682 for beta-170-4
[INFO] running `Command { std: "git" "clone" "/workspace/cache/git-repos/https%3A%2F%2Fgithub.com%2FProjectInitiative%2Ftf-control-panel" "/workspace/builds/worker-5-tc2/source", kill_on_drop: false }`
[INFO] [stderr] Cloning into '/workspace/builds/worker-5-tc2/source'...
[INFO] [stderr] done.
[INFO] validating manifest of git repo https://github.com/ProjectInitiative/tf-control-panel on toolchain e6e4f7ed1589e03bc2f6c5931c1a72e7947e8682
[INFO] running `Command { std: CARGO_HOME="/workspace/cargo-home" RUSTUP_HOME="/workspace/rustup-home" "/workspace/cargo-home/bin/cargo" "+e6e4f7ed1589e03bc2f6c5931c1a72e7947e8682" "metadata" "--manifest-path" "Cargo.toml" "--no-deps", kill_on_drop: false }`
[INFO] started tweaking git repo https://github.com/ProjectInitiative/tf-control-panel
[INFO] finished tweaking git repo https://github.com/ProjectInitiative/tf-control-panel
[INFO] tweaked toml for git repo https://github.com/ProjectInitiative/tf-control-panel written to /workspace/builds/worker-5-tc2/source/Cargo.toml
[INFO] crate git repo https://github.com/ProjectInitiative/tf-control-panel already has a lockfile, it will not be regenerated
[INFO] running `Command { std: CARGO_HOME="/workspace/cargo-home" RUSTUP_HOME="/workspace/rustup-home" "/workspace/cargo-home/bin/cargo" "+e6e4f7ed1589e03bc2f6c5931c1a72e7947e8682" "fetch" "--manifest-path" "Cargo.toml", kill_on_drop: false }`
[INFO] running `Command { std: "docker" "create" "-v" "/var/lib/crater-agent-workspace/builds/worker-5-tc2/target:/opt/rustwide/target:rw,Z" "-v" "/var/lib/crater-agent-workspace/builds/worker-5-tc2/source:/opt/rustwide/workdir:ro,Z" "-v" "/var/lib/crater-agent-workspace/cargo-home:/opt/rustwide/cargo-home:ro,Z" "-v" "/var/lib/crater-agent-workspace/rustup-home:/opt/rustwide/rustup-home:ro,Z" "-e" "SOURCE_DIR=/opt/rustwide/workdir" "-e" "CARGO_TARGET_DIR=/opt/rustwide/target" "-e" "CARGO_HOME=/opt/rustwide/cargo-home" "-e" "RUSTUP_HOME=/opt/rustwide/rustup-home" "-w" "/opt/rustwide/workdir" "-m" "1610612736" "--user" "0:0" "--network" "none" "ghcr.io/rust-lang/crates-build-env/linux@sha256:19e73879b68f455e41552ea35293514db52ea292d993f571636dbffedb77a1ee" "/opt/rustwide/cargo-home/bin/cargo" "+e6e4f7ed1589e03bc2f6c5931c1a72e7947e8682" "metadata" "--no-deps" "--format-version=1", kill_on_drop: false }`
[INFO] [stdout] 35c9aff054323661c05040554bed688ef1e53daf06949e27cac078147b854231
[INFO] running `Command { std: "docker" "start" "-a" "35c9aff054323661c05040554bed688ef1e53daf06949e27cac078147b854231", kill_on_drop: false }`
[INFO] running `Command { std: "docker" "inspect" "35c9aff054323661c05040554bed688ef1e53daf06949e27cac078147b854231", kill_on_drop: false }`
[INFO] running `Command { std: "docker" "rm" "-f" "35c9aff054323661c05040554bed688ef1e53daf06949e27cac078147b854231", kill_on_drop: false }`
[INFO] [stdout] 35c9aff054323661c05040554bed688ef1e53daf06949e27cac078147b854231
[INFO] running `Command { std: "docker" "create" "-v" "/var/lib/crater-agent-workspace/builds/worker-5-tc2/target:/opt/rustwide/target:rw,Z" "-v" "/var/lib/crater-agent-workspace/builds/worker-5-tc2/source:/opt/rustwide/workdir:ro,Z" "-v" "/var/lib/crater-agent-workspace/cargo-home:/opt/rustwide/cargo-home:ro,Z" "-v" "/var/lib/crater-agent-workspace/rustup-home:/opt/rustwide/rustup-home:ro,Z" "-e" "SOURCE_DIR=/opt/rustwide/workdir" "-e" "CARGO_TARGET_DIR=/opt/rustwide/target" "-e" "CARGO_INCREMENTAL=0" "-e" "RUST_BACKTRACE=full" "-e" "RUSTFLAGS=--cap-lints=forbid" "-e" "RUSTDOCFLAGS=--cap-lints=forbid" "-e" "CARGO_HOME=/opt/rustwide/cargo-home" "-e" "RUSTUP_HOME=/opt/rustwide/rustup-home" "-w" "/opt/rustwide/workdir" "-m" "1610612736" "--user" "0:0" "--network" "none" "ghcr.io/rust-lang/crates-build-env/linux@sha256:19e73879b68f455e41552ea35293514db52ea292d993f571636dbffedb77a1ee" "/opt/rustwide/cargo-home/bin/cargo" "+e6e4f7ed1589e03bc2f6c5931c1a72e7947e8682" "check" "--frozen" "--all" "--all-targets" "--message-format=json", kill_on_drop: false }`
[INFO] [stdout] 07263d95b6119ab609ad6aa7208fc94c07f65902f4eab7c5df6804f724092ae7
[INFO] running `Command { std: "docker" "start" "-a" "07263d95b6119ab609ad6aa7208fc94c07f65902f4eab7c5df6804f724092ae7", kill_on_drop: false }`
[INFO] [stderr]    Compiling cc v1.0.68
[INFO] [stderr]    Compiling libc v0.2.98
[INFO] [stderr]    Compiling proc-macro2 v1.0.27
[INFO] [stderr]    Compiling pkg-config v0.3.19
[INFO] [stderr]    Compiling syn v1.0.73
[INFO] [stderr]    Compiling memchr v2.4.0
[INFO] [stderr]    Compiling same-file v1.0.6
[INFO] [stderr]    Compiling serde v1.0.126
[INFO] [stderr]     Checking cty v0.2.1
[INFO] [stderr]     Checking unicode-width v0.1.8
[INFO] [stderr]    Compiling rusb v0.8.1
[INFO] [stderr]     Checking strsim v0.8.0
[INFO] [stderr]     Checking vec_map v0.8.2
[INFO] [stderr]     Checking ansi_term v0.11.0
[INFO] [stderr]     Checking rust-embed-utils v5.1.0
[INFO] [stderr]    Compiling walkdir v2.3.2
[INFO] [stderr]     Checking textwrap v0.11.0
[INFO] [stderr]    Compiling libusb1-sys v0.5.0
[INFO] [stderr]    Compiling sys-locale v0.1.0
[INFO] [stderr]     Checking cstr_core v0.2.3
[INFO] [stderr]    Compiling quote v1.0.9
[INFO] [stderr]     Checking atty v0.2.14
[INFO] [stderr]     Checking clap v2.33.3
[INFO] [stderr]     Checking toml v0.5.8
[INFO] [stderr]    Compiling rust-embed-impl v5.9.0
[INFO] [stderr]     Checking rust-embed v5.9.0
[INFO] [stderr]     Checking tfc v0.1.0 (/opt/rustwide/workdir)
[INFO] [stdout] error[E0425]: cannot find value `I18N_LOCALES` in this scope
[INFO] [stdout]   --> src/i18n.rs:71:6
[INFO] [stdout]    |
[INFO] [stdout] 71 |     &I18N_LOCALES.as_ptr().insert(locale, "test");
[INFO] [stdout]    |      ^^^^^^^^^^^^ not found in this scope
[INFO] [stdout] 
[INFO] [stdout] 
[INFO] [stdout] error[E0425]: cannot find value `I18N_LOCALES` in this scope
[INFO] [stdout]   --> src/i18n.rs:72:37
[INFO] [stdout]    |
[INFO] [stdout] 72 |     println!("_load_locale!: {:?}", I18N_LOCALES);
[INFO] [stdout]    |                                     ^^^^^^^^^^^^ not found in this scope
[INFO] [stdout] 
[INFO] [stdout] 
[INFO] [stdout] error[E0425]: cannot find value `I18N_LOCALES` in this scope
[INFO] [stdout]   --> src/i18n.rs:71:6
[INFO] [stdout]    |
[INFO] [stdout] 71 |     &I18N_LOCALES.as_ptr().insert(locale, "test");
[INFO] [stdout]    |      ^^^^^^^^^^^^ not found in this scope
[INFO] [stdout] 
[INFO] [stdout] 
[INFO] [stdout] warning: unused import: `std::cell::RefCell`
[INFO] [stdout]  --> src/i18n.rs:2:5
[INFO] [stdout]   |
[INFO] [stdout] 2 | use std::cell::RefCell;
[INFO] [stdout]   |     ^^^^^^^^^^^^^^^^^^
[INFO] [stdout]   |
[INFO] [stdout]   = note: `#[warn(unused_imports)]` on by default
[INFO] [stdout] 
[INFO] [stdout] 
[INFO] [stdout] error[E0425]: cannot find value `I18N_LOCALES` in this scope
[INFO] [stdout]   --> src/i18n.rs:72:37
[INFO] [stdout]    |
[INFO] [stdout] 72 |     println!("_load_locale!: {:?}", I18N_LOCALES);
[INFO] [stdout]    |                                     ^^^^^^^^^^^^ not found in this scope
[INFO] [stdout] 
[INFO] [stdout] 
[INFO] [stdout] warning: unused import: `std::collections::HashMap`
[INFO] [stdout]  --> src/i18n.rs:3:5
[INFO] [stdout]   |
[INFO] [stdout] 3 | use std::collections::HashMap;
[INFO] [stdout]   |     ^^^^^^^^^^^^^^^^^^^^^^^^^
[INFO] [stdout] 
[INFO] [stdout] 
[INFO] [stdout] warning: unused import: `std::cell::RefCell`
[INFO] [stdout]  --> src/i18n.rs:2:5
[INFO] [stdout]   |
[INFO] [stdout] 2 | use std::cell::RefCell;
[INFO] [stdout]   |     ^^^^^^^^^^^^^^^^^^
[INFO] [stdout]   |
[INFO] [stdout]   = note: `#[warn(unused_imports)]` on by default
[INFO] [stdout] 
[INFO] [stdout] 
[INFO] [stdout] warning: unused import: `std::collections::HashMap`
[INFO] [stdout]  --> src/i18n.rs:3:5
[INFO] [stdout]   |
[INFO] [stdout] 3 | use std::collections::HashMap;
[INFO] [stdout]   |     ^^^^^^^^^^^^^^^^^^^^^^^^^
[INFO] [stdout] 
[INFO] [stdout] 
[INFO] [stdout] error: aborting due to 2 previous errors; 2 warnings emitted
[INFO] [stdout] 
[INFO] [stdout] 
[INFO] [stdout] For more information about this error, try `rustc --explain E0425`.
[INFO] [stdout] 
[INFO] [stdout] error: aborting due to 2 previous errors; 2 warnings emitted
[INFO] [stdout] 
[INFO] [stdout] 
[INFO] [stdout] For more information about this error, try `rustc --explain E0425`.
[INFO] [stdout] 
[INFO] [stderr] error: could not compile `tfc` (bin "tfc" test) due to 3 previous errors; 2 warnings emitted
[INFO] [stderr] warning: build failed, waiting for other jobs to finish...
[INFO] [stderr] error: could not compile `tfc` (bin "tfc") due to 3 previous errors; 2 warnings emitted
[INFO] running `Command { std: "docker" "inspect" "07263d95b6119ab609ad6aa7208fc94c07f65902f4eab7c5df6804f724092ae7", kill_on_drop: false }`
[INFO] running `Command { std: "docker" "rm" "-f" "07263d95b6119ab609ad6aa7208fc94c07f65902f4eab7c5df6804f724092ae7", kill_on_drop: false }`
[INFO] [stdout] 07263d95b6119ab609ad6aa7208fc94c07f65902f4eab7c5df6804f724092ae7
